e 4) to base 5
-12334
Convert -3820 (base 10) to base 6.
-25404
Convert 501 (base 15) to base 14.
5a6
What is 12101 (base 5) in base 10?
901
Convert -212 (base 4) to base 14.
-2a
Convert 300123 (base 4) to base 10.
3099
101001100000 (base 2) to base 9
3571
What is -1561 (base 8) in base 16?
-371
What is -31786 (base 9) in base 3?
-1001212220
Convert -17b (base 13) to base 5.
-2041
What is b5d (base 14) in base 4?
202333
What is 10001111 (base 2) in base 15?
98
Convert 926 (base 12) to base 11.
aa6
What is -679 (base 11) in base 2?
-1100101100
-1110111011 (base 2) to base 11
-799
Convert 101010011101 (base 2) to base 9.
3648
Convert 1f3 (base 16) to base 13.
2c5
What is -20763 (base 9) in base 8?
-32662
Convert -23105 (base 11) to base 13.
-12284
-1130 (base 4) to base 2
-1011100
-2574 (base 8) to base 4
-111330
What is 1357 (base 8) in base 9?
1024
-10d (base 15) to base 5
-1423
What is -44376 (base 8) in base 13?
-8675
-104452 (base 8) to base 13
-12ca1
What is 5104 (base 11) in base 6?
51220
What is -3453 (base 9) in base 11?
-1a17
What is -526 (base 13) in base 4?
-31231
Convert a28 (base 16) to base 12.
1608
111242 (base 6) to base 14
35c6
Convert 448 (base 15) to base 2.
1111001000
8306 (base 12) to base 16
37b6
Convert -210002002 (base 3) to base 13.
-6cbc
What is -9190 (base 10) in base 3?
-110121101
7d4 (base 15) to base 7
5113
What is -30323 (base 7) in base 8?
-16307
What is -76 (base 10) in base 8?
-114
Convert 8038 (base 12) to base 16.
362c
Convert -456 (base 16) to base 11.
-91a
Convert 1440 (base 7) to base 5.
4232
Convert 1 (base 10) to base 9.
1
Convert -4202 (base 10) to base 11.
-3180
What is 10021022 (base 3) in base 12?
1468
What is -941 (base 13) in base 14?
-806
What is -1622 (base 15) in base 6?
-34005
What is 14122 (base 5) in base 15?
527
Convert -4062 (base 14) to base 11.
-8347
230 (base 15) to base 4
13233
Convert 420114 (base 5) to base 3.
200220112
What is -6738 (base 10) in base 2?
-1101001010010
What is -11011011100111 (base 2) in base 6?
-145023
Convert 54a (base 13) to base 2.
1110001011
What is 259d (base 16) in base 4?
2112131
What is 9694 (base 10) in base 13?
4549
What is -638 (base 9) in base 5?
-4041
Convert 14440 (base 9) to base 6.
113313
Convert 111000100 (base 2) to base 5.
3302
Convert -1110010001 (base 2) to base 9.
-1224
Convert -2145 (base 16) to base 2.
-10000101000101
Convert 1a1 (base 15) to base 11.
312
What is -110111 (base 2) in base 9?
-61
What is -a05 (base 12) in base 3?
-1222112
Convert -2710 (base 11) to base 8.
-6700
Convert -a53b (base 12) to base 5.
-1034142
Convert -250031 (base 7) to base 9.
-68542
-335 (base 14) to base 7
-1565
2542 (base 6) to base 8
1176
15749 (base 10) to base 3
210121022
What is 5b7 (base 12) in base 8?
1533
Convert 6a55 (base 12) to base 14.
4481
What is -1129 (base 16) in base 7?
-15544
Convert -30272 (base 9) to base 11.
-13a60
Convert -49c5 (base 13) to base 3.
-112100210
What is -30102 (base 4) in base 12?
-556
What is -62a (base 11) in base 13?
-464
What is 3224 (base 5) in base 6?
2011
Convert 8818 (base 9) to base 2.
1100101100001
-1276 (base 15) to base 9
-5353
26a (base 12) to base 9
451
Convert 1549 (base 11) to base 10.
1989
-1b9 (base 12) to base 10
-285
Convert -30566 (base 8) to base 16.
-3176
What is -7418 (base 10) in base 4?
-1303322
What is -1bb03 (base 12) in base 14?
-110c3
Convert -3592 (base 16) to base 10.
-13714
Convert -1112021 (base 3) to base 12.
-78a
Convert -35111 (base 7) to base 5.
-241400
What is -3607 (base 9) in base 10?
-2680
What is 31534 (base 6) in base 5?
114211
Convert -2e10 (base 15) to base 11.
-74a4
1312 (base 4) to base 9
141
Convert 3c40 (base 15) to base 7.
52365
111 (base 14) to base 5
1321
-265 (base 11) to base 10
-313
657 (base 9) to base 5
4123
-121b (base 15) to base 7
-14141
What is 11125 (base 9) in base 15?
22ce
Convert 1123 (base 4) to base 13.
70
649 (base 13) to base 6
4551
-d64 (base 16) to base 5
-102203
What is 378 (base 10) in base 2?
101111010
10201130 (base 4) to base 8
44134
What is -1651 (base 7) in base 6?
-3041
What is 12837 (base 12) in base 10?
25387
-926 (base 13) to base 2
-11000010001
What is -1262 (base 7) in base 14?
-269
Convert 102032 (base 4) to base 6.
5222
Convert -1235 (base 6) to base 7.
-623
Convert -12aa2 (base 11) to base 3.
-221112211
Convert 60505 (base 7) to base 11.
10014
-65272 (base 8) to base 4
-12222322
What is 1452 (base 8) in base 7?
2235
Convert -10a27 (base 13) to base 8.
-73114
What is -2477 (base 8) in base 13?
-7c4
Convert -529 (base 12) to base 15.
-353
-3479 (base 13) to base 14
-2983
What is 271 (base 13) in base 8?
656
-b0a (base 14) to base 10
-2166
Convert -3672 (base 8) to base 9.
-2637
Convert -1114 (base 8) to base 7.
-1500
-209 (base 14) to base 13
-24b
Convert 35661 (base 11) to base 12.
2588b
What is 201220022 (base 3) in base 15?
4472
What is 100010000011 (base 2) in base 9?
2881
What is -235a (base 13) in base 11?
-3814
-b (base 15) to base 3
-102
What is 381 (base 9) in base 4?
10330
What is 9594 (base 13) in base 4?
11010003
Convert -1045 (base 7) to base 14.
-1cc
What is 246 (base 16) in base 7?
1461
Convert -10101100110 (base 2) to base 11.
-1047
Convert -268 (base 15) to base 9.
-668
What is -ae1 (base 16) in base 7?
-11056
What is 3652 (base 10) in base 7?
13435
Convert -17177 (base 11) to base 4.
-11321203
Convert 18234 (base 12) to base 11.
24237
What is 10111111010001 (base 2) in base 5?
342431
What is -20222010 (base 3) in base 12?
-2b33
What is 7c (base 13) in base 6?
251
385 (base 11) to base 6
2040
What is -125323 (base 7) in base 2?
-101101111000000
-25cc (base 15) to base 9
-12053
Convert -1214 (base 5) to base 8.
-270
506 (base 11) to base 16
263
-2973 (base 13) to base 4
-1131321
What is -3c92 (base 16) in base 14?
-5918
Convert -958 (base 16) to base 6.
-15024
Convert 1444 (base 11) to base 15.
843
What is 20130 (base 4) in base 15?
260
1323303 (base 5) to base 8
64117
What is -3a4b (base 14) in base 11?
-7787
What is -122103 (base 4) in base 11?
-12a0
341111 (base 5) to base 3
121111121
Convert -240111 (base 5) to base 15.
-2906
What is -2bc (base 15) in base 14?
-32b
12026 (base 7) to base 3
11021002
3982 (base 14) to base 9
14773
What is -23887 (base 10) in base 5?
-1231022
Convert e36 (base 15) to base 8.
6201
What is 1ccc (base 13) in base 10?
4393
What is -534 (base 7) in base 5?
-2040
-3040 (base 7) to base 14
-557
14364 (base 8) to base 5
201023
Convert -7d8 (base 16) to base 14.
-a36
Convert 660 (base 9) to base 3.
202000
-100111011 (base 2) to base 13
-1b3
What is -1011101110 (base 3) in base 5?
-1213011
Convert 1d14 (base 14) to base 3.
21021200
What is 1000 (base 5) in base 14?
8d
Convert -a92 (base 11) to base 15.
-5c6
Convert 7bd (base 15) to base 5.
24003
Convert 134513 (base 7) to base 12.
12a05
What is a578 (base 16) in base 14?
1161a
Convert -7c2 (base 16) to base 6.
-13110
What is -126b9 (base 12) in base 10?
-25197
What is 11000011 (base 2) in base 9?
236
Convert 294 (base 13) to base 7.
1224
-10872 (base 9) to base 16
-1c6a
4504 (base 8) to base 16
944
Convert 221 (base 4) to base 3.
1112
Convert 1924 (base 11) to base 6.
15154
What is 12422 (base 7) in base 14?
12b9
Convert 36a4 (base 14) to base 12.
5640
What is -4c7 (base 16) in base 2?
-10011000111
What is -184 (base 12) in base 14?
-136
Convert -40305 (base 8) to base 10.
-16581
Convert 7868 (base 9) to base 15.
1ac8
Convert -101010 (base 2) to base 6.
-110
a566 (base 11) to base 5
421422
acaa (base 16) to base 11
30234
What is 1850 (base 9) in base 7?
4101
Convert -23352 (base 8) to base 12.
-5922
Convert -1001111000001100 (base 2) to base 4.
-21320030
What is -112 (base 15) in base 16?
-f2
Convert -240550 (base 6) to base 16.
-51d2
Convert 2011331 (base 5) to base 7.
162363
Convert -112420 (base 6) to base 7.
-40110
What is -2200002 (base 3) in base 2?
-11110011010
What is -5df (base 16) in base 4?
-113133
What is -22120 (base 4) in base 13?
-3c1
Convert -12313 (base 4) to base 7.
-1165
-301 (base 9) to base 2
-11110100
a527 (base 11) to base 14
5120
-5e6 (base 16) to base 7
-4255
What is -3759 (base 13) in base 6?
-100200
Convert -10010011 (base 3) to base 13.
-105a
What is 33325 (base 6) in base 5?
122121
Convert -1017 (base 11) to base 8.
-25